- -122) + 4 + (-3)/(-3).
3, 41
Suppose -50769 = 8*b - 9*b - 4*g, -4*b - g + 203151 = 0. List the prime factors of b.
50789
Let y be (3/(-5))/(18/(-60)) - 3. Let x be 6/((y + -2)*(-6)/9). Suppose 1 = 2*d - x*d, 2*z - 2*d - 482 = 0. List the prime factors of z.
2, 3, 5
Let b(r) = 59*r**2 + 53*r + 670. List the prime factors of b(-10).
2, 5, 151
Let b(h) = 2*h**2 + 18*h + 6. Let u(d) = -5*d**2 - 37*d - 13. Let p(j) = 7*b(j) + 3*u(j). Let s be p(-10). Let f = -144 - s. What are the prime factors of f?
103
List the prime factors of (-48)/(-312) - ((-2)/(-7) + 46331/(-91)).
509
Suppose -208*g + 5031 = -217*g. Let m = -122 - g. List the prime factors of m.
19, 23
Suppose -3*h - 759 = -i + 124, -i + 588 = -2*h. Let y = 424 + h. List the prime factors of y.
3, 43
Let a = 170 + -279. What are the prime factors of (a/(-2))/((-36)/(-72))?
109
Let v(a) = a**3 - 18*a**2 + 18*a - 12. Let r be v(17). Suppose -r*s + 1890 = 5*z, 527 = 4*z - 3*s - 1006. What are the prime factors of z?
3, 127
Suppose 2*j = -37*f + 32*f + 85771, j - 42884 = -f. What are the prime factors of j?
19, 37, 61
Let s be (0 + 3)/(0 - -1). Suppose s*w - 667 = 410. List the prime factors of w.
359
Let t be 5/((-50)/(-132)) - 2/10. Suppose 3*p - 9 = 0, -3*i + 12*p - t*p = -3. Suppose -4*w + 605 = 3*z, -5*z = -w - i*z + 180. List the prime factors of w.
5, 31
Let k = 7568 - 369. List the prime factors of k.
23, 313
Let g(j) = -j**3 + 6*j**2 + 9*j - 4. Suppose -2*b = -4*b + w + 19, 4*w = -3*b + 45. Let l(r) = -5*r + 62. Let y be l(b). List the prime factors of g(y).
2, 5
Let h(s) = s**3 + 19*s**2 + 20*s + 18. Let y = -9 + -4. Let n be (y - -12)/((-1)/(-17)). What are the prime factors of h(n)?
2
Let j(h) = -18 + 3 - 6 + 3*h + 8 + 12*h**2. What are the prime factors of j(-6)?
401
Suppose 42*c = 29*c + 5096. Let u = c + -274. List the prime factors of u.
2, 59
Let a(g) = -g**3 + 13*g**2 + 6*g + 18. Let i(b) = -3*b - 7. Let q be i(-6). List the prime factors of a(q).
2, 163
Suppose -2*p + 0*x = x - 3, x = -5*p + 3. Suppose p*z - 3*z + 513 = 0. List the prime factors of z.
3, 19
What are the prime factors of ((-78705)/187 - 12/102)*(-34 - 0)?
2, 17, 421
Let v(l) = 153*l**2 - 516*l + 6156. What are the prime factors of v(12)?
2, 3, 13, 47
Suppose -94*g + 279702 = 17254. What are the prime factors of g?
2, 349
Let t = 296 - -4115. List the prime factors of t.
11, 401
Let f be ((-22)/4)/(2/8). Let v(x) = 81*x + 591. Let m be v(-6). Let d = m + f. List the prime factors of d.
83
Let m(i) = -467*i**3 - 30*i**2 - 3*i - 16. List the prime factors of m(-4).
2, 7351
Suppose 9*o = 12*o - 18. Let w = -3 + o. Let g(b) = 5*b**3 - 5*b**2 + b - 6. List the prime factors of g(w).
3, 29
Let l(s) = 8*s + 12. Let m be l(11). Let h = m - 21. Suppose 4*g - h - 225 = 0. List the prime factors of g.
2, 19
Let o = -462 + 460. Let a(b) = -183*b + 1. What are the prime factors of a(o)?
367
Suppose -w = -3*p + 18595, -54*w + 58*w = 2*p - 12420. What are the prime factors of p?
2, 1549
Suppose 0 = -5*p - 5*d + 10, 4*p + 2*d - d = 8. Let m(g) = -11*g - g**3 + 5*g**p + 14*g + 0*g**3 - 8. List the prime factors of m(-4).
2, 31
Let g be 34/10*30/6. Let z = 208 - 206. Suppose 137 = z*u + g. What are the prime factors of u?
2, 3, 5
Let j(q) = 43*q**2 + 2*q - 3. Let a be j(1). List the prime factors of (-8868)/(-7) - a/49.
2, 3, 211
Let h be 15*(-4)/(-72)*6. Suppose 10*c - 5*c - 5295 = 4*m, c - 1030 = -h*m. List the prime factors of c.
5, 211
Let l be 1 - 248 - (8 - 42/6). Let k = l + 546. What are the prime factors of k?
2, 149
Let d(y) = y**2 + y - 24. Let m be d(4). What are the prime factors of m + (-20)/(-5) - -24?
2, 3
Suppose -4*h + 753 = -3*b, 24*h + 15 = 19*h. Let d = 629 + b. What are the prime factors of d?
2, 11, 17
Suppose 4*u - 7947 = -3*s + u, -2655 = -s + 5*u. List the prime factors of s.
2, 5, 53
List the prime factors of -2 + (14 + -4 - -31788).
2, 7949
Let v = -1639 + 3111. Let m = -429 + 429. Suppose m = -8*b - 0*b + v. List the prime factors of b.
2, 23
What are the prime factors of (-6)/15 + (6/(-21) - (-23347162)/805)?
2, 17, 853
Suppose 2*a + 3*f - 33402 = 0, -3*f - 31679 = -3*a + 18394. List the prime factors of a.
3, 5, 7, 53
Let i = 14225 - 13361. List the prime factors of i.
2, 3
Let n(u) = -281*u - 33. Suppose 0 = -27*y - 10*y - 148. List the prime factors of n(y).
1091
Let s(c) = -c**2 - 24*c - 40. Let z be s(-22). Suppose 3*t + z*f - 30 = 87, -2*t = f - 73. List the prime factors of t.
5, 7
Suppose 4*o + 3*b + 2*b - 13840 = 0, 0 = -2*b. Suppose 4*h = o - 640. What are the prime factors of h?
3, 5, 47
Let q be (-32)/18 + 2 - 400592/(-72). Suppose 2*k + 4*d - 2442 = 0, -d + 707 - q = -4*k. List the prime factors of k.
3, 5
Let q = -2768 + 9752. What are the prime factors of q?
2, 3, 97
Let b(a) = -75*a**3 - 54*a**2 + 6*a - 14. What are the prime factors of b(-4)?
2, 1949
Let u(n) = -528*n + 468. What are the prime factors of u(-16)?
2, 3, 743
Suppose -6*a + 2218 + 10010 = 0. Let i = 3497 - a. What are the prime factors of i?
1459
Let w be 16/6*(2 - -1). Let v be ((-6)/(-7))/3 + 2135/245. Suppose 79 = v*c - w*c. What are the prime factors of c?
79
Let i = -1699 + 1177. Let k = -68 - i. List the prime factors of k.
2, 227
Let r = -6689 - -19806. List the prime factors of r.
13, 1009
Let m = -61 - -55. Let v be 1/2 - 1 - (-807)/m. List the prime factors of (-8046)/v + 2/5.
2, 3, 5
Let h(q) = -q**2 + 17*q - 23. Let w(u) = -u**2 + 36*u - 45. Let n(b) = -9*h(b) + 4*w(b). What are the prime factors of n(9)?
3, 13
List the prime factors of (-4 + 1)*11/66*-134392.
2, 107, 157
Suppose 4282761 - 1036581 = -12*t + 130*t. List the prime factors of t.
2, 3, 5, 7, 131
Let r(w) = 7*w**3 + 7*w**2 + 2*w - 11. Let p be r(6). Suppose p = -44*c + 49*c. List the prime factors of c.
353
Suppose 5*z + 3*p = 1432, -2*z + 3*p + 272 = -z. Let n = z - 68. What are the prime factors of n?
2, 3
Let t = 6059 - -3868. What are the prime factors of t?
3, 1103
Let x(c) = 1602*c**2 + 77*c - 234. What are the prime factors of x(3)?
3, 5, 31
Let m be -3 + 5 + -3 + 0/4. Let f be 12/3 + -5 - 5*m. Suppose f*o - 212 = -0*o. What are the prime factors of o?
53
Suppose 201*w = 190*w + 74712. What are the prime factors of w?
2, 3, 283
Let x = -409 + 424. What are the prime factors of (x + -18)*587/(-3)?
587
Suppose 4*i - 2*i - 2763 = b, 6903 = 5*i + 2*b. Let p = i - 769. List the prime factors of p.
2, 3, 17
Suppose -9*t - 27*t = -334296. What are the prime factors of t?
2, 4643
Suppose 0 = -5*a - 2*a + 2471. Suppose 5*n = -4*o - 1723, -n - a = -o - o. Let k = n + 504. What are the prime factors of k?
157
Suppose -27*m + 13*m = -20*m + 14412. What are the prime factors of m?
2, 1201
Suppose -4*o - 100 = -4*i, -i - o + 2 + 25 = 0. Suppose 0 = -i*p + p + 13825. List the prime factors of p.
7, 79
List the prime factors of 1/((-2)/(683790/(-15))).
23, 991
Let p be -6*(2/(-2))/(2/1). Suppose 0 = -p*u + 3*y + 27, 0 = -u - 4*u + y + 57. Suppose -172 = 8*t - u*t. List the prime factors of t.
43
Let h(c) be the second derivative of 19*c**3/3 + 10*c**2 - c. Let z be (-17)/(-34)*30/(-1)*38/(-114). List the prime factors of h(z).
2, 3, 5, 7
Let w be -2 + (1*243)/(9/(-6)). Let q = w - -225. What are the prime factors of q?
61
Suppose 2*q - 5*q = 5*q. Suppose -5*y + 1033 + 262 = q. What are the prime factors of y?
7, 37
Let k = -1664 + 5009. Let x be 8/(-14) + k/35. Suppose x - 319 = -4*j. List the prime factors of j.
2, 7
Suppose 33*q + 44252 - 11204 = 39*q. What are the prime factors of q?
2, 3, 17
Let x(c) = 124*c**2 - 55*c + 547. What are the prime factors of x(7)?
2, 3119
Suppose 3*i = 18 - 6, 4*i - 4 = -2*f. What are the prime factors of 148/(f/(-20)*(-32)/(-72))?
2, 3, 5, 37
Let b be 9/3 + 4/4. Suppose -3*v + 25 = 5*f - 14, 2*f = b*v. Suppose -f*i + 631 - 187 = 0. List the prime factors of i.
2, 37
Let r(k) = -52*k - 68. Let h(l) = 53*l + 67. Let w(b) = -5*h(b) - 4*r(b). What are the prime factors of w(-8)?
3, 131
Let q be 3 - 6/18*0. List the prime factors of (-1*(q - 74))/(1/17).
17, 71
Suppose 3*d - 2*i - 59 = 0, 16*d - 12*d = -i + 86. What are the prime factors of ((-1164)/d)/((-2)/7)?
2, 97
Suppose -3*i - 3*x = -8*i - 71, 57 = -5*i - 4*x. Let t(d) = -15 - 8*d + 7*d**2 - 3*d**2 - 8*d - 5*d**2. List the prime factors of t(i).
2, 3
Let l(c) = 2*